 - 17 = -5*v, 10 = -2*y + v + 2*v. Let p(w) = w + y - u + 2. Give p(4).
4
Let g = -13 + 22. Let j = -6 + g. Let t(d) = -2*d - 3*d - 1 + j*d. Give t(-3).
5
Let c(v) = -2*v - 9. Suppose 15*g - 25*g = 60. Give c(g).
3
Let a(v) = v - 1. Let s(i) = -i**3 - 5*i**2 + 9*i + 2. Let d(j) = 3*a(j) - s(j). Give d(-6).
-5
Let l be 1 - 4 - (-1 - -1). Let v be l/(2 + -5) + 2. Suppose 0*w - 3*w = v. Let n(z) = -5*z**3 + z**2 + z. Determine n(w).
5
Let m(n) = n**3 + 4*n**2 + 2*n - 1. Let g be m(-3). Let s be -5*1*(-12)/20. Let v(u) = -3 - g*u - 3 + s. Give v(5).
-13
Let c(u) = -u. Let j(t) = 13. Let m(p) = -2*c(p) - 2*j(p). Let y be m(14). Let g(s) = 3*s**2 - 3*s + 1. Give g(y).
7
Suppose d = 4*d + 18. Let w = d + 8. Let y(f) = -3*f**w - 5*f**2 - 3*f + 3*f**2 + 3*f**2. Determine y(-2).
-2
Let l(r) = -3*r**3 + 2*r**2 - 4*r - 2. Let h(t) = -2*t + 11 + t**2 - 2*t**3 - 16 + 3 - t. Let u(k) = 4*h(k) - 3*l(k). Suppose -4 = -3*j + 2. Calculate u(j).
-2
Let p = 61 - 66. Let d(g) = -g + 5. Let b be d(3). Let u(l) = 32*l - 1 + b - 31*l. What is u(p)?
-4
Suppose -11*z + 4*u = -6*z, -5*z + 5*u - 5 = 0. Let x(c) = -2*c - 1. What is x(z)?
-9
Let x(j) = -3*j**2 - 16*j - 8. Let p(h) = -16*h - 661. Let i be p(-41). Determine x(i).
-3
Let n(g) be the first derivative of 7*g**3/6 - g**2/2 - 3*g - 17. Let q(a) be the first derivative of n(a). Let t = 2 + -3. Determine q(t).
-8
Let w(j) be the second derivative of -1/6*j**4 + 0*j**3 + 0 + 0*j**2 - 1/120*j**5 + 1/360*j**6 - j. Let g(i) be the third derivative of w(i). What is g(-4)?
-9
Let b(v) = -10*v**2 - v + 3. Suppose 78 = -93*r - 15. Calculate b(r).
-6
Let c(d) = -1167*d + 2332*d + 3*d**2 - 1166*d - d**3. Let i(h) = 3*h - 3. Let v be i(2). What is c(v)?
-3
Let c(q) = q**3 + 27*q**2 - 29*q - 30. Let i be c(-28). Let p(u) = u + 6. What is p(i)?
4
Let c(w) be the first derivative of w**2 + 3*w - 2. Let n be 1/((-5)/(-19)) + (-24)/30. What is c(n)?
9
Let n(q) be the third derivative of q**5/60 + 11*q**4/24 - 4*q**3/3 + 93*q**2. What is n(-8)?
-32
Let d be (-6)/((-5)/((-10)/(-3))). Suppose 0 = -2*v + 10 - d. Let f(g) = -v*g + g**2 + 29 - 17 - 10. Calculate f(2).
0
Let q(x) = -x**3 - 14*x**2 + 15*x - 5. Suppose -k = 5*g - 10, 3*k + 10 = k - 4*g. Let l be q(k). Let f(b) = b + 5. Calculate f(l).
0
Suppose 16*k = 15*k + 1. Let z(n) = 153*n**2 + 0 - n**3 - 157*n**2 - 3*n - k. Calculate z(-2).
-3
Let l(m) be the third derivative of m**4/24 + m**3 + 12*m**2. Determine l(-9).
-3
Let n(j) = -9*j - 2 + 11*j + 1 - 11*j. Let q be 0*(2 + (-21)/9). Suppose q = -3*a + a - 2. Calculate n(a).
8
Let a(p) be the first derivative of -p**2/2 + p + 5. Let n(l) = -9*l + 2. Let s(j) = 5*a(j) - n(j). Let k = 2 - 4. Determine s(k).
-5
Let k = -41 - -46. Let g = k - 7. Let x(s) = -s**2 + 3*s + 3. Calculate x(g).
-7
Let b(g) be the second derivative of g**3/3 - 5*g**2 + 132*g. What is b(5)?
0
Let l(d) = d**2 - 5. Let m be l(-3). Suppose -s + 3*s - 68 = m*a, a - 3*s + 12 = 0. Let t = a + 13. Let q(f) = -f**2 - 6*f - 1. Determine q(t).
4
Let g(w) = 185*w - 179*w - 14 + 14. Calculate g(-2).
-12
Let g(o) = o**2 + 11*o + 12. Let d(s) = 7*s**2 - 23*s - 8. Let n be d(10). Let a be n/(-48) - 6/16. What is g(a)?
2
Let h(l) = -84*l - 848. Let z be h(-10). Let s(q) = q**3 + 8*q**2 - q + 7. What is s(z)?
15
Suppose 10*p - 13*p - 5*h = -37, 4*p + 9 = 5*h. Let v(f) = -f**2 + f + 9. What is v(p)?
-3
Let g(l) = -l**3 + 10*l**2 + 11*l - 183. Let n be g(9). Let j(t) = -2*t**2 - 6*t - 3. Calculate j(n).
-3
Let p(c) = -3*c**2 + 13*c - 5. Let g(r) = 2*r**2 - 7*r + 1. Let k(h) = -5*g(h) - 3*p(h). What is k(4)?
-22
Let v be (-3 + (-32)/8)*1. Let z(r) = r + 15. Determine z(v).
8
Let a(l) be the third derivative of 0 + 2/3*l**3 + l**2 - 1/24*l**4 + 0*l - 1/120*l**6 + 1/30*l**5. What is a(3)?
-8
Suppose m + 3*w = 7*w - 7, -3*w = -2*m + 1. Let f be (9 - 10)/((-7)/3 + 2). Let r(o) = f*o**2 - m*o**2 - 2*o**2 - 4*o - 4 - o**3. What is r(-3)?
-1
Let k be (-3)/(-2) + (-14 - 316/(-24)). Let p(l) be the first derivative of 0*l**2 - 9 - k*l**3 - 2*l. Determine p(-2).
-10
Let p be ((-1872)/27)/13*3/(-4). Let t(z) be the second derivative of -3*z - 3*z**2 + 0 + 1/12*z**p - z**3. Give t(6).
-6
Let b be -5 + 2 - (-12)/(-3)*-1. Suppose -5*z = -w + 18, z - 4*z - w = 6. Let d be b - (z + 12 + -3). Let t(q) = -2*q - 5. Determine t(d).
5
Suppose -4 = -13*v - 329. Let c be 5/v + 26/5. Let a(j) = -j**3 + 6*j**2 - 7*j + 6. Calculate a(c).
-4
Let q be (-5 - -3) + 3 + 19. Let f = q + -5. Let i(v) = -3*v + f*v**3 - 25*v**3 + 2*v**2 - 3 + 11*v**3. What is i(-3)?
-3
Let r(f) = -2*f**3 + 30*f**2 - 2*f + 26. Let a be r(15). Let h(j) = -2*j - 10. Determine h(a).
-2
Let x(b) = -b**3 + 12*b**2 - 11*b + 16. Let q(a) = a**3 + 7*a**2 + 6*a - 9. Let r be q(-5). Calculate x(r).
16
Let o(a) be the first derivative of -a**4/12 + 7*a**3/6 + a**2/2 - 55*a - 30. Let i(v) be the first derivative of o(v). Determine i(6).
7
Let o be 33/(-27) - 3*(-6)/81. Let y(h) = -2*h**3 - 7*h**2 + 8*h - 13. Let g(u) = -u**3 + u**2. Let m(v) = o*y(v) + g(v). Calculate m(-9).
4
Let q be (3 - 3/(-2))/(1/2). Suppose -8*m = -7 - q. Let g(f) = -8*f + 3. What is g(m)?
-13
Suppose 2*f + 4*w + 12 = 0, 4*f - w - 4*w + 24 = 0. Let d(v) be the third derivative of 1/3*v**3 - 1/24*v**4 + 0 + 6*v**2 + 0*v. Calculate d(f).
8
Let y(k) = -k**2 + 6*k + 9. Let p be y(7). Suppose 0 = -p*h - h. Let v(j) be the first derivative of -j**4/4 + j**3/3 + j**2/2 - 2*j - 18. Determine v(h).
-2
Let g(s) = s**3 + s + 1. Let b(o) = 2*o**3 - 4*o**2 - 1. Let t(n) = -b(n) + 3*g(n). Let i(k) = -k**2 - 7*k + 15. Let z be i(-9). What is t(z)?
4
Let z(b) = 12*b - 10*b - 75 + 76. Let j be 2/(-7) - 72/(-7). Suppose 0 = -s - 3*v - j, 2*v = 5*s - 0*v - 18. Calculate z(s).
5
Let p = 17 - 13. Let d be -1*p/8*-4. Let b(l) = 1 + 0 - l + 3*l**d + l**2 - l. Calculate b(1).
3
Let v(t) = t**2 + 5*t + 10. Let j be v(-7). Suppose b - 5*b + j = 0. Let g(u) = -u**2 + 6*u - 6. Calculate g(b).
-6
Let q(r) = -4*r**2 - r - 10. Let v(d) = -3*d**2 - 8. Let i(u) = 5*q(u) - 6*v(u). Calculate i(-5).
-27
Let x(w) = 0*w**2 + w**3 + 0 - 4 - 6*w**2. Let g = 7872 + -7866. What is x(g)?
-4
Let i be (-2)/4*-2 + 4. Let t(s) be the third derivative of -s**6/120 + s**5/15 + s**4/6 + s**3/2 + 79*s**2 - s - 10. Give t(i).
-2
Let d(s) = 2*s - 5. Let k be (4/(-6))/((-6)/(-27)). Let j(a) be the first derivative of -a**2 + 6*a - 4. Let u(i) = k*d(i) - 2*j(i). Calculate u(2).
-1
Let m(u) = -2*u - 1. Let s(i) = 0 + 2 - 4*i - 8 + 5. Let c(z) = -4*m(z) + 4*s(z). Give c(-1).
8
Let s(f) = -f - 8. Let p be s(-10). Let q(v) = -5 + 0*v**3 + 24*v**2 + v**3 - 2*v - 18*v**p. What is q(-6)?
7
Let s(p) = -p**3 - 5*p**2 + 23*p - 7. Let l be (-4)/(-6) + -13*18/27. Give s(l).
1
Let x(m) = m - 3. Suppose -13*v = -9*v - 120. Suppose 3*s = -2*s + v. Determine x(s).
3
Let u(d) be the third derivative of d**5/30 - d**4/24 + d**3/6 - 3*d**2. Suppose -2*o + 2*r = -2, 1 = 2*o + r - 1. Calculate u(o).
2
Let k(m) be the first derivative of -24 - 3/2*m**2 + 4*m. What is k(4)?
-8
Suppose v - 4*r - 8 = -2*r, 0 = -5*v - 2*r - 8. Suppose 7*x = -v*x + 4*x. Let a(p) = p**3 + p**2 - p - 5. Determine a(x).
-5
Let c(i) be the first derivative of i**2 + 13*i + 450. What is c(-11)?
-9
Suppose 8*l = 3*l + z + 69, 5*l - 2*z - 73 = 0. Let x(q) = q - 10. Give x(l).
3
Let n(r) = -r**3 + 4*r**2 - 2*r + 4. Suppose 0 = 4*w + 16. Let k be (-5 - -6)/((-1)/w). Give n(k).
-4
Let a(g) be the third derivative of -1/120*g**6 - 2*g**2 + 0*g - 51 - 7/12*g**4 - 1/2*g**3 + 1/4*g**5. Calculate a(14).
-3
Let a = -151 + 237. Let w(q) = -168 + a + 78 + 4*q**2 + 7*q - 3*q**2. Calculate w(-6).
-10
Let w(j) = -j**3 + 8*j**2 - 8*j - 5. Let v be (-2 + 2)/(-1) + 13. Let q be v + -3 - (2 - -1). What is w(q)?
-12
Let q(u) be the first derivative of 5*u**2/2 - 12*u - 294. Calculate q(7).
23
Let m(u) = -5 - 15 - u + 32 + 2*u**3 - 13. Determine m(-2).
-15
Let g(o) = -4057*o**2 + 4*o + 4 + 4051*o**2 + o**3 + 3. Give g(5).
2
Suppose 10*m = 20 + 110. Let u(b) = b**3 - 14*b**2 + 14*b - 18. What is u(m)?
-5
Let n be -1 + 0 - (-6 + 0). Let x(r) be the second derivative of r**5/20 - 5*r**4/12 + r**3/6 + 3*r**2 - 6926*r. Determine x(n).
11
Let g = -8 - -15. Let y(h) be the third derivative of -h**5/60 + 7*h**4/24 + h**3/3 - 16*h**2. Calculate y(g).
2
Let z = 198 - 2375/12. Let g(r) be the second